52*b + 257. Determine s(-6).
-19
Let i(g) = 4*g - 25. Give i(20).
55
Let c(x) = x**3 - 20*x**2 + 15*x + 74. Calculate c(19).
-2
Let q(r) = -r**3 - 15*r**2 - 13*r - 2. Give q(-14).
-16
Let h(c) = -c + 8. Calculate h(5).
3
Let w(m) = 12*m**2 - 337*m + 33. What is w(28)?
5
Let m(z) = 2*z**2 + 40*z + 4. What is m(-19)?
-34
Let n(p) = -p**2 - 16*p + 66. Determine n(-18).
30
Let f(k) = -k**2 + k + 10. Determine f(5).
-10
Let r(p) = -2*p + 10. Calculate r(12).
-14
Let o(w) = -10*w - 4. Give o(-4).
36
Let z(p) = -65*p - 386. Determine z(-6).
4
Let u(w) = -44*w + 94. What is u(2)?
6
Let m(l) = -3*l + 16. Calculate m(6).
-2
Let p(r) = r**2 + 3*r + 5. What is p(-2)?
3
Let g(f) = -f + 18. Determine g(6).
12
Let x(y) = y**3 - 7*y**2 - 8. Give x(7).
-8
Let d(x) = x**3 + 6*x**2 + 4*x + 2. Give d(-5).
7
Let l(t) = -t**3 - 12*t**2 + 28*t - 7. What is l(-14)?
-7
Let d(y) = y**2 - 11*y + 28. Calculate d(0).
28
Let k(f) = -43*f - 80. Give k(-2).
6
Let o(m) = 32*m**3 + 3*m**2 - m - 1. Determine o(1).
33
Let u(p) = -p**2 + 11*p - 7. Give u(12).
-19
Let x(l) = l**3 + 4*l**2 - 11*l + 13. Determine x(-6).
7
Let l(a) = -5*a**3 - 6*a + 5. Calculate l(2).
-47
Let d(f) = -4*f + 112. Give d(29).
-4
Let h(j) = 15*j**3 + 3*j + 2. Calculate h(-1).
-16
Let b(g) = 2*g**3 - 15*g**2 - 8*g - 5. Determine b(8).
-5
Let l(j) = j**3 + 2*j**2 - 4*j + 13. What is l(-5)?
-42
Let m(k) = -3*k + 5. Calculate m(-3).
14
Let o(c) = -c**2 - 14*c - 12. What is o(-13)?
1
Let c(g) = -g - 2. Give c(5).
-7
Let f(g) = -9*g - 45. Determine f(-6).
9
Let d(l) = -l**3 - 8*l**2 - 4*l + 8. Determine d(-7).
-13
Let h(x) = x**2 + 31*x + 28. Give h(-30).
-2
Let h(s) = -s**2 + 5. Calculate h(-3).
-4
Let x(b) = -3*b + 15. Calculate x(10).
-15
Let r(f) = -f + 18. Give r(13).
5
Let g(y) = 2*y**2 + y + 11. What is g(-3)?
26
Let y(l) = l**3 + 5*l**2 + 2*l + 1. Give y(-4).
9
Let x(s) = -s**3 + 9*s**2 - 9*s + 11. Give x(8).
3
Let t(i) = 8*i**3 - 2*i**2 - 3*i - 3. Determine t(-2).
-69
Let r(d) = -d - 25. Give r(-29).
4
Let d(o) = 8*o + 14. Give d(-7).
-42
Let d(y) = y**3 - 6*y**2 + 4*y - 2. What is d(4)?
-18
Let j(l) = -l**2 + 11*l + 58. What is j(17)?
-44
Let x(w) = -10*w**2 - 202*w - 44. Calculate x(-20).
-4
Let p(n) = -2*n**2 + 12*n + 4. Give p(5).
14
Let l(b) = -b**3 + 5*b**2 + 5*b - 1. What is l(6)?
-7
Let t(i) = -i**3 + 20*i**2 - i + 20. Give t(20).
0
Let x(z) = 2*z**3 + 15*z**2 + 18*z + 2. What is x(-6)?
2
Let i(d) = -d**2 - 3*d. Calculate i(2).
-10
Let a(y) = -y**3 + 6*y**2 - 5*y - 4. Calculate a(6).
-34
Let q(x) = -6*x**2 - 92*x + 63. Determine q(-16).
-1
Let f(h) = -10*h - 89. Calculate f(-8).
-9
Let m(g) = g**2 + 30*g + 91. Determine m(-27).
10
Let n(w) = -59*w + 13. Give n(2).
-105
Let s(h) = 2*h + 19. Calculate s(11).
41
Let l(h) = -h**2 + 15*h + 24. What is l(15)?
24
Let i(z) = -3*z**3 + 10*z**2 - 7*z. What is i(2)?
2
Let w(c) = -c**2 + 9*c - 19. Give w(9).
-19
Let x(h) = -2*h - 35. Give x(-17).
-1
Let k(a) = -a**2 + 11*a + 48. Calculate k(14).
6
Let d(b) = -b**3 + 5*b**2 - 2*b + 22. What is d(5)?
12
Let q(x) = -x**3 - 28*x**2 - 29*x - 52. Calculate q(-27).
2
Let l(d) = d**2 + 2. What is l(0)?
2
Let s(h) = -20*h - 1048. Determine s(-52).
-8
Let y(q) = -q**2 - 23*q + 67. Give y(-24).
43
Let p(y) = y**2 - 3*y - 2. Determine p(4).
2
Let g(h) = -h**3 + 6*h**2 - 7*h + 21. Determine g(4).
25
Let x(t) = t**2 - 3*t - 79. Determine x(11).
9
Let w(y) = y**3 - 7*y**2 - 10*y + 15. Calculate w(8).
-1
Let a(r) = -r + 2. What is a(-7)?
9
Let t(f) = 4*f**2 - 17*f - 5. Give t(5).
10
Let u(h) = -8*h + 81. Calculate u(10).
1
Let t(s) = s**2 - s + 9. What is t(-8)?
81
Let z(m) = 3*m**2 + 3*m + 4. Determine z(-1).
4
Let h(o) = -o**3 - o**2 + 9*o + 3. Determine h(-3).
-6
Let y(n) = -15*n - 72. Calculate y(-5).
3
Let n(i) = -12*i - 307. Give n(-25).
-7
Let n(x) = -x**3 + 8*x**2 + 3*x + 64. What is n(9)?
10
Let h(a) = a**3 - 10*a**2 + 4*a + 84. Determine h(8).
-12
Let v(q) = -3*q - 5. Determine v(4).
-17
Let l(p) = -p**3 - 32*p**2 + 35*p + 62. Determine l(-33).
-4
Let v(k) = 3*k - 4. What is v(-2)?
-10
Let t(v) = -2*v**3 - 18*v**2 + 23*v + 24. Give t(-10).
-6
Let g(v) = 5*v + 49. What is g(-9)?
4
Let n(y) = -8*y**2 - 1. What is n(-1)?
-9
Let h(r) = -r**3 + 37*r**2 + 2*r - 69. Calculate h(37).
5
Let s(i) = 3*i + 30. What is s(-8)?
6
Let x(r) = -6*r + 48. What is x(5)?
18
Let l(r) = 3*r**2 + 52*r + 8. Give l(-17).
-9
Let k(v) = 4*v - 2. Give k(2).
6
Let s(c) = 7*c**3 + 38*c**2 - c + 1. Calculate s(-6).
-137
Let z(y) = -y**2 + 8*y - 16. What is z(5)?
-1
Let y(k) = k**2 - 7*k + 7. Calculate y(10).
37
Let b(v) = -6*v + 76. Give b(12).
4
Let f(y) = -7*y**2 + 83*y + 4. Give f(12).
-8
Let t(w) = w**2 - 4*w + 2. Determine t(1).
-1
Let t(r) = 9*r - 1. Give t(1).
8
Let f(g) = 5*g - 47. Give f(11).
8
Let v(a) = -12*a - 46. What is v(-4)?
2
Let h(k) = k**2 - 4*k + 30. Calculate h(-7).
107
Let m(s) = s**2 + 15*s - 25. Determine m(-16).
-9
Let d(f) = f**3 - 5*f**2 - 6*f - 2. Calculate d(6).
-2
Let a(z) = -32*z**2 - 254*z. Give a(-8).
-16
Let w(b) = -b**3 - 25*b**2 - 26*b - 43. What is w(-24)?
5
Let n(k) = 3*k + 19. What is n(0)?
19
Let m(d) = -d**2 + 2*d + 2. Determine m(-2).
-6
Let o(i) = 6*i**2 - i - 9. What is o(0)?
-9
Let h(p) = p**2 + p + 1. Calculate h(0).
1
Let r(h) = 2*h**2 - 2*h + 2. Determine r(0).
2
Let j(y) = -3*y + 15. Give j(8).
-9
Let s(a) = -2*a**3 + a**2 + 32. Calculate s(0).
32
Let r(w) = 21*w + 58. Give r(-3).
-5
Let l(w) = 3*w - 15. Give l(-12).
-51
Let u(f) = f**2 + 9*f - 23. What is u(4)?
29
Let w(f) = f**2 - 11*f + 30. Calculate w(4).
2
Let m(n) = 4*n - 3. What is m(-7)?
-31
Let n(j) = j**2 - 3*j + 9. Determine n(4).
13
Let n(v) = 7*v**2 + 4*v - 2. Calculate n(1).
9
Let a(q) = q**3 - 2*q**2 + 5*q - 1. What is a(3)?
23
Let c(g) = -7*g. Determine c(-1).
7
Let n(t) = -2*t**3 + 45*t**2 + 30*t - 172. What is n(23)?
-11
Let d(k) = k**3 - 6*k**2 + 6*k - 2. Calculate d(5).
3
Let q(b) = -4*b**2 - 2*b - 1. What is q(-2)?
-13
Let h(i) = -i**3 + 11*i**2 - 3*i - 13. Give h(10).
57
Let h(a) = -a**2 + 20*a - 90. What is h(12)?
6
Let s(c) = c**2 + 2*c - 353. Calculate s(-20).
7
Let p(x) = -x**2 - 17*x - 35. What is p(-14)?
7
Let o(r) = 4*r - 15. What is o(-11)?
-59
Let s(u) = u**2 - 12*u + 29. What is s(10)?
9
Let j(o) = -o**3 + o**2 + 4*o + 9. Calculate j(4).
-23
Let o(q) = q**2 + q - 4. Calculate o(6).
38
Let b(a) = a**2 + 13*a + 5. Calculate b(-5).
-35
Let q(p) = -p**2 + 31*p + 138. Determine q(35).
-2
Let l(i) = -i**2 + i + 14. Calculate l(8).
-42
Let h(w) = w**2 - 17*w + 85. Calculate h(8).
13
Let i(b) = b**3 + 20*b**2 + 18*b - 21. Calculate i(-19).
-2
Let v(j) = -j**3 + 2*j**2 + 2*j - 5. Determine v(0).
-5
Let m(j) = 7*j - 4. Determine m(-5).
-39
Let h(q) = -q**3 - 20*q**2 - 54*q - 36. Calculate h(-17).
15
Let w(l) = l**2 + 6*l - 20. Determine w(2).
-4
Let d(i) = -2*i**2 - 2*i + 4. Give d(-3).
-8
Let p(j) = j**3 + 4*j**2 + j + 14. Determine p(-3).
20
Let y(p) = -p + 3. Give y(0).
3
Let c(v) = -v**2 + 7*v - 1. What is c(6)?
5
Let c(u) = 3*u**2 - 1. Determine c(1).
2
Let i(r) = -r**2 + r. What is i(4)?
-12
Let j(d) = 4*d - 3. Calculate j(-2).
-11
Let z(t) = 12*t + 745. What is z(-63)?
-11
Let o(w) = w**2 + 13*w + 17. Give o(-6).
-25
Let c(i) = -2*i**3 + 4*i**2 - 2*i - 2. Give c(-3).
94
Let f(u) = 15*u - 23. Give f(2).
7
Let s(p) = p**2 - 3*p - 2. What is s(1)?
-4
Let t(n) = n - 9. Give t(4).
-5
Let f(k) = k**3 - 6*k**2 + k + 7. Calculate f(5).
-13
Let f(p) = -4*p - 4. Calculate f(6).
-28
Let u(n) = 31*n + 289. Calculate u(-9).
10
Let z(o) = -o**3 + 6*o**2 + 75*o + 13. What is z(-6)?
-5
Let t(p) = 3*p**2 - 6*p + 13. Determine t(7).
118
Let b(a) = -a**2 + 3*a + 3. Determine b(-6).
-51
Let v(p) = -2*p**2 - 4*p + 24. Determine v(4).
-24
Let k(p) = p + 2. What is k(-3)?
-1
Let l(j) = 5*j**2 - 2*j - 1. What is l(2)?
15
Let t(y) = y**3 - 6*y**2 - 3*y + 12. Calculate t(6).
-6
Let b(w) = w**3 - 7*w**2 + 8*w + 5. Give b(4).
-11
Let y(t) = -2*t**2 + 3*t + 1. What is y(3)?
-8
Let f(t) = -t - 13. Determine f(-12).
-1
Let a(s) = -s**2 + 10*s + 32. Determine a(13).
-7
Let i(x) = -x**2 + 2*x - 3. Give i(6).
-27
Let c(b) = -4*b**3 + 3*b**2 - b - 4. Give c(-2).
42
Let v(g) = -g**2 + 44*g + 40. Give v(45).
-5
Let h(f) = f**2 - 5*f + 15. Give h(2).
9
Let w(d) = -d**2 - 12*d - 17. What is w(-9)?
10
Let n(k) = -5*k**2 - k + 2. What is n(2)?
-20
Let